{"id":137,"date":"2022-06-07T07:31:43","date_gmt":"2022-06-07T05:31:43","guid":{"rendered":"https:\/\/manatai.malo.wf\/?page_id=137"},"modified":"2022-06-07T07:31:43","modified_gmt":"2022-06-07T05:31:43","slug":"nos-sites","status":"publish","type":"page","link":"https:\/\/manatai.malo.wf\/index.php\/nos-sites\/","title":{"rendered":"Nos sites"},"content":{"rendered":"\n<p>La Manatai Cup a pour principe de&nbsp;mettre en valeur l&rsquo;ensemble du territoire. Pour ce faire, les comp\u00e9titions s&rsquo;\u00e9talent sur 3 spots, repr\u00e9sentants des 3 districts, et leurs \u00eelots voisins.<\/p>\n\n\n\n<h2 class=\"wp-block-heading\">Baie des bananes<\/h2>\n\n\n\n<figure class=\"wp-block-image size-full\"><img loading=\"lazy\" decoding=\"async\" width=\"1008\" height=\"671\" src=\"https:\/\/manatai.malo.wf\/wp-content\/uploads\/2022\/05\/20211116215327-a76c39ce-la.jpg\" alt=\"\" class=\"wp-image-138\" srcset=\"https:\/\/manatai.malo.wf\/wp-content\/uploads\/2022\/05\/20211116215327-a76c39ce-la.jpg 1008w, https:\/\/manatai.malo.wf\/wp-content\/uploads\/2022\/05\/20211116215327-a76c39ce-la-300x200.jpg 300w, https:\/\/manatai.malo.wf\/wp-content\/uploads\/2022\/05\/20211116215327-a76c39ce-la-768x511.jpg 768w\" sizes=\"auto, (max-width: 709px) 85vw, (max-width: 909px) 67vw, (max-width: 1362px) 62vw, 840px\" \/><\/figure>\n\n\n\n<p>En plein centre du district de Hihifo, elle est un point strat\u00e9gique \u00e0 la fois religieux, coutumier et sportif ! La baie des bananes est le QG du club de va&rsquo;a Havili Siliva et berceau de leur comp\u00e9tition annuelle : la Havili Cup.<\/p>\n\n\n\n<h2 class=\"wp-block-heading\">Vakala<\/h2>\n\n\n\n<figure class=\"wp-block-image size-full\"><img loading=\"lazy\" decoding=\"async\" width=\"1008\" height=\"672\" src=\"https:\/\/manatai.malo.wf\/wp-content\/uploads\/2022\/05\/i.jpeg-1.jpg\" alt=\"\" class=\"wp-image-141\" srcset=\"https:\/\/manatai.malo.wf\/wp-content\/uploads\/2022\/05\/i.jpeg-1.jpg 1008w, https:\/\/manatai.malo.wf\/wp-content\/uploads\/2022\/05\/i.jpeg-1-300x200.jpg 300w, https:\/\/manatai.malo.wf\/wp-content\/uploads\/2022\/05\/i.jpeg-1-768x512.jpg 768w\" sizes=\"auto, (max-width: 709px) 85vw, (max-width: 909px) 67vw, (max-width: 1362px) 62vw, 840px\" \/><\/figure>\n\n\n\n<p>L&rsquo;incourtounable lorsqu&rsquo;il s&rsquo;agit de sports nautiques sur le territoire et situ\u00e9e au bord de mer de Liku, district de Hahake. Aussi bien pour les petits et les plus grands, Vakala propose de multiples activit\u00e9s payantes telle que la planche \u00e0 voile et le catamaran ou encore son service \u00ab\u00a0taxi boat\u00a0\u00bb. Elle a acueilli en 2013 les sports nautiques des Mini-Jeux du Pacifique.<\/p>\n\n\n\n<h2 class=\"wp-block-heading\">Baie de Gahi<\/h2>\n\n\n\n<figure class=\"wp-block-image size-full\"><img loading=\"lazy\" decoding=\"async\" width=\"792\" height=\"527\" src=\"https:\/\/manatai.malo.wf\/wp-content\/uploads\/2022\/05\/20211018113540-c20d9f67-me.jpg\" alt=\"\" class=\"wp-image-139\" srcset=\"https:\/\/manatai.malo.wf\/wp-content\/uploads\/2022\/05\/20211018113540-c20d9f67-me.jpg 792w, https:\/\/manatai.malo.wf\/wp-content\/uploads\/2022\/05\/20211018113540-c20d9f67-me-300x200.jpg 300w, https:\/\/manatai.malo.wf\/wp-content\/uploads\/2022\/05\/20211018113540-c20d9f67-me-768x511.jpg 768w\" sizes=\"auto, (max-width: 792px) 85vw, 792px\" \/><\/figure>\n\n\n\n<p>Lieu phare de tout rameur wallisien. C&rsquo;est ici dans ce village de Mua, Gahi, que se d\u00e9roulent \u00e0 plusieurs moments de l&rsquo;ann\u00e9e des comp\u00e9titions de va&rsquo;a opposant tous les clubs du territoire !<\/p>\n","protected":false},"excerpt":{"rendered":"<p>La Manatai Cup a pour principe de&nbsp;mettre en valeur l&rsquo;ensemble du territoire. Pour ce faire, les comp\u00e9titions s&rsquo;\u00e9talent sur 3 spots, repr\u00e9sentants des 3 districts, et leurs \u00eelots voisins. Baie des bananes En plein centre du district de Hihifo, elle est un point strat\u00e9gique \u00e0 la fois religieux, coutumier et sportif ! La baie des &hellip; <a href=\"https:\/\/manatai.malo.wf\/index.php\/nos-sites\/\" class=\"more-link\">Continuer la lecture<span class=\"screen-reader-text\"> de &laquo;&nbsp;Nos sites&nbsp;&raquo;<\/span><\/a><\/p>\n","protected":false},"author":1,"featured_media":0,"parent":0,"menu_order":0,"comment_status":"closed","ping_status":"closed","template":"","meta":{"footnotes":""},"class_list":["post-137","page","type-page","status-publish","hentry"],"_links":{"self":[{"href":"https:\/\/manatai.malo.wf\/index.php\/wp-json\/wp\/v2\/pages\/137","targetHints":{"allow":["GET"]}}],"collection":[{"href":"https:\/\/manatai.malo.wf\/index.php\/wp-json\/wp\/v2\/pages"}],"about":[{"href":"https:\/\/manatai.malo.wf\/index.php\/wp-json\/wp\/v2\/types\/page"}],"author":[{"embeddable":true,"href":"https:\/\/manatai.malo.wf\/index.php\/wp-json\/wp\/v2\/users\/1"}],"replies":[{"embeddable":true,"href":"https:\/\/manatai.malo.wf\/index.php\/wp-json\/wp\/v2\/comments?post=137"}],"version-history":[{"count":6,"href":"https:\/\/manatai.malo.wf\/index.php\/wp-json\/wp\/v2\/pages\/137\/revisions"}],"predecessor-version":[{"id":191,"href":"https:\/\/manatai.malo.wf\/index.php\/wp-json\/wp\/v2\/pages\/137\/revisions\/191"}],"wp:attachment":[{"href":"https:\/\/manatai.malo.wf\/index.php\/wp-json\/wp\/v2\/media?parent=137"}],"curies":[{"name":"wp","href":"https:\/\/api.w.org\/{rel}","templated":true}]}}