{"id":57,"date":"2022-02-22T04:09:26","date_gmt":"2022-02-22T03:09:26","guid":{"rendered":"https:\/\/manatai.malo.wf\/?page_id=57"},"modified":"2022-05-24T00:33:36","modified_gmt":"2022-05-23T22:33:36","slug":"manatai-2021","status":"publish","type":"page","link":"https:\/\/manatai.malo.wf\/index.php\/manatai-2021\/","title":{"rendered":"Manatai 2021"},"content":{"rendered":"\n<p><\/p>\n\n\n\n<div class=\"wp-block-image\"><figure class=\"alignleft size-full is-resized\"><img loading=\"lazy\" decoding=\"async\" src=\"https:\/\/manatai.malo.wf\/wp-content\/uploads\/2022\/02\/logo-manatai-print.jpg\" alt=\"\" class=\"wp-image-60\" width=\"201\" height=\"238\" srcset=\"https:\/\/manatai.malo.wf\/wp-content\/uploads\/2022\/02\/logo-manatai-print.jpg 647w, https:\/\/manatai.malo.wf\/wp-content\/uploads\/2022\/02\/logo-manatai-print-253x300.jpg 253w\" sizes=\"auto, (max-width: 201px) 85vw, 201px\" \/><\/figure><\/div>\n\n\n\n<p>La Manatai est n\u00e9e en 2021, une premi\u00e8re \u00e9dition qui f\u00fbt un r\u00e9el succ\u00e8s.<br>La premi\u00e8re \u00e9dition pr\u00e9voyait l\u2019accueil d\u2019une d\u00e9l\u00e9gation de 50 athl\u00e8tes de Nouvelle-Cal\u00e9donie autour de la rame, la voile, le kitesurf et le Windsurf et la natation. Malheureusement 11 jours avant l\u2019\u00e9v\u00e9nement la situation sanitaire (COVID) ne permettait plus \u00e0 la d\u00e9l\u00e9gation cal\u00e9donienne, pourtant surmotiv\u00e9e pour se d\u00e9placer dans nos \u00eeles, de participer \u00e0 cette premi\u00e8re \u00e9dition .<\/p>\n\n\n\n<p>La Manatai 2021 s\u2019est donc d\u00e9roul\u00e9e \u00e0 une dimension r\u00e9duite \u00e0 une participation locale.<br>Nous avons n\u00e9anmoins rassembl\u00e9 plus de 200 athl\u00e8tes issus de cinq sports nautiques pour trois journ\u00e9es de comp\u00e9tition, entre le 14 ao\u00fbt et le 21 ao\u00fbt 2021.<br>Nous avons propos\u00e9 pendant ces journ\u00e9es des animations pour le public et notamment pour les enfants du fenua pour permettre aux jeunes du territoire de vivre un moment de rassemblement unique entre culture, traditions et passion de la mer.<\/p>\n\n\n\n<figure class=\"wp-block-image size-large\"><img loading=\"lazy\" decoding=\"async\" width=\"1024\" height=\"682\" src=\"https:\/\/manatai.malo.wf\/wp-content\/uploads\/2022\/02\/MG_8941-1024x682.jpg\" alt=\"\" class=\"wp-image-59\" srcset=\"https:\/\/manatai.malo.wf\/wp-content\/uploads\/2022\/02\/MG_8941-1024x682.jpg 1024w, https:\/\/manatai.malo.wf\/wp-content\/uploads\/2022\/02\/MG_8941-300x200.jpg 300w, https:\/\/manatai.malo.wf\/wp-content\/uploads\/2022\/02\/MG_8941-768x512.jpg 768w, https:\/\/manatai.malo.wf\/wp-content\/uploads\/2022\/02\/MG_8941-1200x800.jpg 1200w, https:\/\/manatai.malo.wf\/wp-content\/uploads\/2022\/02\/MG_8941.jpg 1280w\" sizes=\"auto, (max-width: 709px) 85vw, (max-width: 909px) 67vw, (max-width: 1362px) 62vw, 840px\" \/><\/figure>\n\n\n\n<p><br>C\u2019est plus de 1000 visiteurs qui se sont d\u00e9plac\u00e9s pour assister aux journ\u00e9es de la Manatai . Une premi\u00e8re pour nos \u00eeles qui montre bien l\u2019engouement autour de ce projet.<\/p>\n\n\n\n<p>L&rsquo;ensemble des services publics se sont mobilis\u00e9s pour nous aider \u00e0 s\u00e9curiser l&rsquo;\u00e9v\u00e9nement : la gendarmerie, Phares et Balises, le service de l&rsquo;environnement, P\u00eache et Agriculture, la s\u00e9curit\u00e9 civile, les pompiers. S&rsquo;ajoute \u00e0 cela l&rsquo;ensemble des structures : clubs, associations de sports nautiques (9 clubs de rame , 1 club de voile, 2 clubs de kitesurf et 1 club de plong\u00e9e).  L&rsquo;ensemble des entreprises priv\u00e9es se sont investies avec nous pour faire de cet \u00e9v\u00e9nement une belle r\u00e9ussite.<\/p>\n\n\n\n<p>N&rsquo;oublions pas la jeunesse locale qui s\u2019est d\u00e9men\u00e9e \u00e0 traverser le b\u00e9n\u00e9volat. , soient 35 jeunes entre 12 et 18 ans d\u00e9vou\u00e9s au bon d\u00e9roulement de cette grande premi\u00e8re.<\/p>\n\n\n\n<figure class=\"wp-block-image size-large\"><img loading=\"lazy\" decoding=\"async\" width=\"1024\" height=\"683\" src=\"https:\/\/manatai.malo.wf\/wp-content\/uploads\/2022\/02\/MG_0567-1024x683.jpg\" alt=\"\" class=\"wp-image-58\" srcset=\"https:\/\/manatai.malo.wf\/wp-content\/uploads\/2022\/02\/MG_0567-1024x683.jpg 1024w, https:\/\/manatai.malo.wf\/wp-content\/uploads\/2022\/02\/MG_0567-300x200.jpg 300w, https:\/\/manatai.malo.wf\/wp-content\/uploads\/2022\/02\/MG_0567-768x512.jpg 768w, https:\/\/manatai.malo.wf\/wp-content\/uploads\/2022\/02\/MG_0567-1536x1024.jpg 1536w, https:\/\/manatai.malo.wf\/wp-content\/uploads\/2022\/02\/MG_0567-2048x1365.jpg 2048w, https:\/\/manatai.malo.wf\/wp-content\/uploads\/2022\/02\/MG_0567-1200x800.jpg 1200w\" sizes=\"auto, (max-width: 709px) 85vw, (max-width: 909px) 67vw, (max-width: 1362px) 62vw, 840px\" \/><\/figure>\n\n\n\n<p><\/p>\n\n\n\n<p>Plus de clich\u00e9s de l&rsquo;\u00e9dition 2021 :<\/p>\n\n\n\n<div class=\"wp-block-buttons is-layout-flex wp-block-buttons-is-layout-flex\">\n<div class=\"wp-block-button is-style-outline is-style-outline--1\"><a class=\"wp-block-button__link\" href=\"https:\/\/images.manatai.malo.wf\/?fbclid=IwAR3ycDY07Pa5tR0DFK6-My8GN8ZZJhK4nXtN4y2ReaI1UpqkXX-s4SawhjY\">Galerie PHOTOS 2021<\/a><\/div>\n<\/div>\n\n\n\n<p><\/p>\n","protected":false},"excerpt":{"rendered":"<p>La Manatai est n\u00e9e en 2021, une premi\u00e8re \u00e9dition qui f\u00fbt un r\u00e9el succ\u00e8s.La premi\u00e8re \u00e9dition pr\u00e9voyait l\u2019accueil d\u2019une d\u00e9l\u00e9gation de 50 athl\u00e8tes de Nouvelle-Cal\u00e9donie autour de la rame, la voile, le kitesurf et le Windsurf et la natation. Malheureusement 11 jours avant l\u2019\u00e9v\u00e9nement la situation sanitaire (COVID) ne permettait plus \u00e0 la d\u00e9l\u00e9gation cal\u00e9donienne, &hellip; <a href=\"https:\/\/manatai.malo.wf\/index.php\/manatai-2021\/\" class=\"more-link\">Continuer la lecture<span class=\"screen-reader-text\"> de &laquo;&nbsp;Manatai 2021&nbsp;&raquo;<\/span><\/a><\/p>\n","protected":false},"author":1,"featured_media":0,"parent":0,"menu_order":0,"comment_status":"closed","ping_status":"closed","template":"","meta":{"footnotes":""},"class_list":["post-57","page","type-page","status-publish","hentry"],"_links":{"self":[{"href":"https:\/\/manatai.malo.wf\/index.php\/wp-json\/wp\/v2\/pages\/57","targetHints":{"allow":["GET"]}}],"collection":[{"href":"https:\/\/manatai.malo.wf\/index.php\/wp-json\/wp\/v2\/pages"}],"about":[{"href":"https:\/\/manatai.malo.wf\/index.php\/wp-json\/wp\/v2\/types\/page"}],"author":[{"embeddable":true,"href":"https:\/\/manatai.malo.wf\/index.php\/wp-json\/wp\/v2\/users\/1"}],"replies":[{"embeddable":true,"href":"https:\/\/manatai.malo.wf\/index.php\/wp-json\/wp\/v2\/comments?post=57"}],"version-history":[{"count":3,"href":"https:\/\/manatai.malo.wf\/index.php\/wp-json\/wp\/v2\/pages\/57\/revisions"}],"predecessor-version":[{"id":134,"href":"https:\/\/manatai.malo.wf\/index.php\/wp-json\/wp\/v2\/pages\/57\/revisions\/134"}],"wp:attachment":[{"href":"https:\/\/manatai.malo.wf\/index.php\/wp-json\/wp\/v2\/media?parent=57"}],"curies":[{"name":"wp","href":"https:\/\/api.w.org\/{rel}","templated":true}]}}

<p></p>



<div class="wp-block-image"><figure class="alignleft size-full is-resized"><img loading="lazy" decoding="async" src="https://manatai.malo.wf/wp-content/uploads/2022/02/logo-manatai-print.jpg" alt="" class="wp-image-60" width="201" height="238" srcset="https://manatai.malo.wf/wp-content/uploads/2022/02/logo-manatai-print.jpg 647w, https://manatai.malo.wf/wp-content/uploads/2022/02/logo-manatai-print-253x300.jpg 253w" sizes="auto, (max-width: 201px) 85vw, 201px" /></figure></div>



<p>La Manatai est née en 2021, une première édition qui fût un réel succès.<br>La première édition prévoyait l’accueil d’une délégation de 50 athlètes de Nouvelle-Calédonie autour de la rame, la voile, le kitesurf et le Windsurf et la natation. Malheureusement 11 jours avant l’événement la situation sanitaire (COVID) ne permettait plus à la délégation calédonienne, pourtant surmotivée pour se déplacer dans nos îles, de participer à cette première édition .</p>



<p>La Manatai 2021 s’est donc déroulée à une dimension réduite à une participation locale.<br>Nous avons néanmoins rassemblé plus de 200 athlètes issus de cinq sports nautiques pour trois journées de compétition, entre le 14 août et le 21 août 2021.<br>Nous avons proposé pendant ces journées des animations pour le public et notamment pour les enfants du fenua pour permettre aux jeunes du territoire de vivre un moment de rassemblement unique entre culture, traditions et passion de la mer.</p>



<figure class="wp-block-image size-large"><img loading="lazy" decoding="async" width="1024" height="682" src="https://manatai.malo.wf/wp-content/uploads/2022/02/MG_8941-1024x682.jpg" alt="" class="wp-image-59" srcset="https://manatai.malo.wf/wp-content/uploads/2022/02/MG_8941-1024x682.jpg 1024w, https://manatai.malo.wf/wp-content/uploads/2022/02/MG_8941-300x200.jpg 300w, https://manatai.malo.wf/wp-content/uploads/2022/02/MG_8941-768x512.jpg 768w, https://manatai.malo.wf/wp-content/uploads/2022/02/MG_8941-1200x800.jpg 1200w, https://manatai.malo.wf/wp-content/uploads/2022/02/MG_8941.jpg 1280w" sizes="auto, (max-width: 709px) 85vw, (max-width: 909px) 67vw, (max-width: 1362px) 62vw, 840px" /></figure>



<p><br>C’est plus de 1000 visiteurs qui se sont déplacés pour assister aux journées de la Manatai . Une première pour nos îles qui montre bien l’engouement autour de ce projet.</p>



<p>L&rsquo;ensemble des services publics se sont mobilisés pour nous aider à sécuriser l&rsquo;événement : la gendarmerie, Phares et Balises, le service de l&rsquo;environnement, Pêche et Agriculture, la sécurité civile, les pompiers. S&rsquo;ajoute à cela l&rsquo;ensemble des structures : clubs, associations de sports nautiques (9 clubs de rame , 1 club de voile, 2 clubs de kitesurf et 1 club de plongée).  L&rsquo;ensemble des entreprises privées se sont investies avec nous pour faire de cet événement une belle réussite.</p>



<p>N&rsquo;oublions pas la jeunesse locale qui s’est démenée à traverser le bénévolat. , soient 35 jeunes entre 12 et 18 ans dévoués au bon déroulement de cette grande première.</p>



<figure class="wp-block-image size-large"><img loading="lazy" decoding="async" width="1024" height="683" src="https://manatai.malo.wf/wp-content/uploads/2022/02/MG_0567-1024x683.jpg" alt="" class="wp-image-58" srcset="https://manatai.malo.wf/wp-content/uploads/2022/02/MG_0567-1024x683.jpg 1024w, https://manatai.malo.wf/wp-content/uploads/2022/02/MG_0567-300x200.jpg 300w, https://manatai.malo.wf/wp-content/uploads/2022/02/MG_0567-768x512.jpg 768w, https://manatai.malo.wf/wp-content/uploads/2022/02/MG_0567-1536x1024.jpg 1536w, https://manatai.malo.wf/wp-content/uploads/2022/02/MG_0567-2048x1365.jpg 2048w, https://manatai.malo.wf/wp-content/uploads/2022/02/MG_0567-1200x800.jpg 1200w" sizes="auto, (max-width: 709px) 85vw, (max-width: 909px) 67vw, (max-width: 1362px) 62vw, 840px" /></figure>



<p></p>



<p>Plus de clichés de l&rsquo;édition 2021 :</p>



<div class="wp-block-buttons is-layout-flex wp-block-buttons-is-layout-flex">
<div class="wp-block-button is-style-outline is-style-outline--1"><a class="wp-block-button__link" href="https://images.manatai.malo.wf/?fbclid=IwAR3ycDY07Pa5tR0DFK6-My8GN8ZZJhK4nXtN4y2ReaI1UpqkXX-s4SawhjY">Galerie PHOTOS 2021</a></div>
</div>



<p></p>

<p>La Manatai est née en 2021, une première édition qui fût un réel succès.La première édition prévoyait l’accueil d’une délégation de 50 athlètes de Nouvelle-Calédonie autour de la rame, la voile, le kitesurf et le Windsurf et la natation. Malheureusement 11 jours avant l’événement la situation sanitaire (COVID) ne permettait plus à la délégation calédonienne, &hellip; <a href="https://manatai.malo.wf/index.php/manatai-2021/" class="more-link">Continuer la lecture<span class="screen-reader-text"> de &laquo;&nbsp;Manatai 2021&nbsp;&raquo;</span></a></p>
