{"id":82,"date":"2022-03-02T23:37:13","date_gmt":"2022-03-02T22:37:13","guid":{"rendered":"https:\/\/manatai.malo.wf\/?page_id=82"},"modified":"2026-04-21T01:55:15","modified_gmt":"2026-04-20T23:55:15","slug":"nos-parrains","status":"publish","type":"page","link":"https:\/\/manatai.malo.wf\/index.php\/nos-parrains\/","title":{"rendered":"Nos parrains"},"content":{"rendered":"\n<blockquote class=\"wp-block-quote has-text-color has-medium-font-size is-layout-flow wp-block-quote-is-layout-flow\" style=\"color:#f2b844;font-style:normal;font-weight:900\">\n<p><strong>Pour cette 5 eme \u00e9dition de la Manatai , nous avons l&rsquo;honneur de pouvoir compter sur  nos parrains de renomm\u00e9e mondiale :<\/strong><\/p>\n<\/blockquote>\n\n\n\n<div class=\"wp-block-media-text alignwide has-media-on-the-right is-stacked-on-mobile has-white-background-color has-background\" style=\"grid-template-columns:auto 42%\"><div class=\"wp-block-media-text__content\">\n<p class=\"has-large-font-size\">Tom H\u00e9bert <\/p>\n\n\n\n<p>2 fois vice-champion du pro tour en kitesurf, figure du kite surf freestyle des ann\u00e9es 2010 et du New Cal&rsquo; style.<\/p>\n<\/div><figure class=\"wp-block-media-text__media\"><img loading=\"lazy\" decoding=\"async\" width=\"1024\" height=\"683\" src=\"https:\/\/manatai.malo.wf\/wp-content\/uploads\/2024\/05\/DSC03448_\u00a9Marine-Reveilhac_HD-1024x683.jpg\" alt=\"\" class=\"wp-image-818 size-full\" srcset=\"https:\/\/manatai.malo.wf\/wp-content\/uploads\/2024\/05\/DSC03448_\u00a9Marine-Reveilhac_HD-1024x683.jpg 1024w, https:\/\/manatai.malo.wf\/wp-content\/uploads\/2024\/05\/DSC03448_\u00a9Marine-Reveilhac_HD-300x200.jpg 300w, https:\/\/manatai.malo.wf\/wp-content\/uploads\/2024\/05\/DSC03448_\u00a9Marine-Reveilhac_HD-768x512.jpg 768w, https:\/\/manatai.malo.wf\/wp-content\/uploads\/2024\/05\/DSC03448_\u00a9Marine-Reveilhac_HD-1536x1024.jpg 1536w, https:\/\/manatai.malo.wf\/wp-content\/uploads\/2024\/05\/DSC03448_\u00a9Marine-Reveilhac_HD-2048x1365.jpg 2048w, https:\/\/manatai.malo.wf\/wp-content\/uploads\/2024\/05\/DSC03448_\u00a9Marine-Reveilhac_HD-1200x800.jpg 1200w\" sizes=\"auto, (max-width: 709px) 85vw, (max-width: 909px) 67vw, (max-width: 1362px) 62vw, 840px\" \/><\/figure><\/div>\n\n\n\n<div class=\"wp-block-media-text alignwide is-stacked-on-mobile has-white-background-color has-background\" style=\"grid-template-columns:32% auto\"><figure class=\"wp-block-media-text__media\"><img loading=\"lazy\" decoding=\"async\" width=\"1024\" height=\"683\" src=\"https:\/\/manatai.malo.wf\/wp-content\/uploads\/2024\/05\/DSC01150_\u00a9Marine-Reveilhac_HD-1024x683.jpg\" alt=\"\" class=\"wp-image-809 size-full\" srcset=\"https:\/\/manatai.malo.wf\/wp-content\/uploads\/2024\/05\/DSC01150_\u00a9Marine-Reveilhac_HD-1024x683.jpg 1024w, https:\/\/manatai.malo.wf\/wp-content\/uploads\/2024\/05\/DSC01150_\u00a9Marine-Reveilhac_HD-300x200.jpg 300w, https:\/\/manatai.malo.wf\/wp-content\/uploads\/2024\/05\/DSC01150_\u00a9Marine-Reveilhac_HD-768x512.jpg 768w, https:\/\/manatai.malo.wf\/wp-content\/uploads\/2024\/05\/DSC01150_\u00a9Marine-Reveilhac_HD-1536x1024.jpg 1536w, https:\/\/manatai.malo.wf\/wp-content\/uploads\/2024\/05\/DSC01150_\u00a9Marine-Reveilhac_HD-2048x1365.jpg 2048w, https:\/\/manatai.malo.wf\/wp-content\/uploads\/2024\/05\/DSC01150_\u00a9Marine-Reveilhac_HD-1200x800.jpg 1200w\" sizes=\"auto, (max-width: 709px) 85vw, (max-width: 909px) 67vw, (max-width: 1362px) 62vw, 840px\" \/><\/figure><div class=\"wp-block-media-text__content\">\n<p class=\"has-large-font-size\">Philippe Bru<\/p>\n\n\n\n<p>Le fondateur du D\u00e9fi Wind <\/p>\n<\/div><\/div>\n\n\n\n<p class=\"has-medium-font-size\">L<strong>e defi Wind<\/strong>&nbsp;: la plus grande comp\u00e9tition au monde de windsurf wingfoil  et kitesurf qui se d\u00e9roule \u00e0 Gruissan tous les ans depuis une vingtaine d&rsquo;ann\u00e9es en m\u00e9tropole. Manatai est  partenaire du d\u00e9fi wind depuis 2020. Philippe Bru (l&rsquo;organisateur) est un pilier fort de l&rsquo;organisation de la&nbsp;&nbsp;Manatai<\/p>\n\n\n\n<p class=\"has-large-font-size\"><strong>Sarah hebert<\/strong><\/p>\n\n\n\n<p class=\"has-medium-font-size\">Vice Championne du monde de Windsurf qui a travers\u00e9 l&rsquo;atlantique en planche \u00e0 voile. Une marraine d&rsquo;exception pour la Manatai <\/p>\n\n\n\n<figure class=\"wp-block-image size-large\"><img loading=\"lazy\" decoding=\"async\" width=\"1024\" height=\"683\" src=\"https:\/\/manatai.malo.wf\/wp-content\/uploads\/2024\/05\/DSC02256_\u00a9Marine-Reveilhac_HD-1-1024x683.jpg\" alt=\"\" class=\"wp-image-814\" srcset=\"https:\/\/manatai.malo.wf\/wp-content\/uploads\/2024\/05\/DSC02256_\u00a9Marine-Reveilhac_HD-1-1024x683.jpg 1024w, https:\/\/manatai.malo.wf\/wp-content\/uploads\/2024\/05\/DSC02256_\u00a9Marine-Reveilhac_HD-1-300x200.jpg 300w, https:\/\/manatai.malo.wf\/wp-content\/uploads\/2024\/05\/DSC02256_\u00a9Marine-Reveilhac_HD-1-768x512.jpg 768w, https:\/\/manatai.malo.wf\/wp-content\/uploads\/2024\/05\/DSC02256_\u00a9Marine-Reveilhac_HD-1-1536x1024.jpg 1536w, https:\/\/manatai.malo.wf\/wp-content\/uploads\/2024\/05\/DSC02256_\u00a9Marine-Reveilhac_HD-1-2048x1365.jpg 2048w, https:\/\/manatai.malo.wf\/wp-content\/uploads\/2024\/05\/DSC02256_\u00a9Marine-Reveilhac_HD-1-1200x800.jpg 1200w\" sizes=\"auto, (max-width: 709px) 85vw, (max-width: 909px) 67vw, (max-width: 1362px) 62vw, 840px\" \/><\/figure>\n\n\n\n<p><\/p>\n\n\n\n<p class=\"has-medium-font-size\"><strong>Phoebe Rocher&nbsp;<\/strong>championne&nbsp;&nbsp;du monde de kitesurf junior 2024 et championne de France 2023 junior et senior .Marraine de l&rsquo;association Wallis Kite Acad\u00e9mie qui se rends \u00e0 Wallis chaque ann\u00e9e pour rider avec la jeunesse locale .<\/p>\n\n\n\n<figure class=\"wp-block-image size-large\"><img loading=\"lazy\" decoding=\"async\" width=\"1024\" height=\"1024\" src=\"https:\/\/manatai.malo.wf\/wp-content\/uploads\/2025\/02\/Capture-decran-2025-02-07-a-17.05.45-1024x1024.png\" alt=\"\" class=\"wp-image-932\" srcset=\"https:\/\/manatai.malo.wf\/wp-content\/uploads\/2025\/02\/Capture-decran-2025-02-07-a-17.05.45-1024x1024.png 1024w, https:\/\/manatai.malo.wf\/wp-content\/uploads\/2025\/02\/Capture-decran-2025-02-07-a-17.05.45-300x300.png 300w, https:\/\/manatai.malo.wf\/wp-content\/uploads\/2025\/02\/Capture-decran-2025-02-07-a-17.05.45-150x150.png 150w, https:\/\/manatai.malo.wf\/wp-content\/uploads\/2025\/02\/Capture-decran-2025-02-07-a-17.05.45-768x769.png 768w, https:\/\/manatai.malo.wf\/wp-content\/uploads\/2025\/02\/Capture-decran-2025-02-07-a-17.05.45.png 1378w\" sizes=\"auto, (max-width: 709px) 85vw, (max-width: 909px) 67vw, (max-width: 1362px) 62vw, 840px\" \/><\/figure>\n\n\n\n<p><\/p>\n\n\n\n<p class=\"has-medium-font-size\"><strong>Titouan Puyo <\/strong>: Une l\u00e9gende dans le monde  du Stand up paddle  et vice champion du monde de rame en 2023, Titouan viendra d\u00e9couvrir Wallis et Futuna pour la premi\u00e8re fois en 2025<\/p>\n\n\n\n<figure class=\"wp-block-image size-large\"><img loading=\"lazy\" decoding=\"async\" width=\"1024\" height=\"657\" src=\"https:\/\/manatai.malo.wf\/wp-content\/uploads\/2025\/07\/titouan-puyo-1024x657.webp\" alt=\"\" class=\"wp-image-1016\" srcset=\"https:\/\/manatai.malo.wf\/wp-content\/uploads\/2025\/07\/titouan-puyo-1024x657.webp 1024w, https:\/\/manatai.malo.wf\/wp-content\/uploads\/2025\/07\/titouan-puyo-300x193.webp 300w, https:\/\/manatai.malo.wf\/wp-content\/uploads\/2025\/07\/titouan-puyo-768x493.webp 768w, https:\/\/manatai.malo.wf\/wp-content\/uploads\/2025\/07\/titouan-puyo-1536x986.webp 1536w, https:\/\/manatai.malo.wf\/wp-content\/uploads\/2025\/07\/titouan-puyo-2048x1314.webp 2048w, https:\/\/manatai.malo.wf\/wp-content\/uploads\/2025\/07\/titouan-puyo-1200x770.webp 1200w\" sizes=\"auto, (max-width: 709px) 85vw, (max-width: 909px) 67vw, (max-width: 1362px) 62vw, 840px\" \/><\/figure>\n\n\n\n<p><br>Champion du monde ISA de longue distance 2014<br>Champion du monde ISA de technical race 2019<br>Champion du monde ISA des nations avec l&rsquo;\u00e9quipe de France en 2019, 2022 et 2023<br>Vice-champion du monde ISA en 2016, 2017, 2022 et 2023<br>N.3 mondial ISA en 2017<br>Vice-champion du monde ISA des nations avec l&rsquo;\u00e9quipe de France en 2016 et 2017<br>M\u00e9daille de bronze championnats du monde 2015 et 2022<br>3e de la Molokai2Oahu 2017<br>N. 5 mondial 2015<br>Champion d&rsquo;Europe 2016, 2017, 2022<br>Champion d&rsquo;Europe des nations 2016, 2017 et 2022<br>Champion de France 2013, 2015, 2016, 2017, 2018, 2019, 2020, 2021, 2022<\/p>\n","protected":false},"excerpt":{"rendered":"<p>Pour cette 5 eme \u00e9dition de la Manatai , nous avons l&rsquo;honneur de pouvoir compter sur nos parrains de renomm\u00e9e mondiale : Tom H\u00e9bert 2 fois vice-champion du pro tour en kitesurf, figure du kite surf freestyle des ann\u00e9es 2010 et du New Cal&rsquo; style. Philippe Bru Le fondateur du D\u00e9fi Wind Le defi Wind&nbsp;: &hellip; <a href=\"https:\/\/manatai.malo.wf\/index.php\/nos-parrains\/\" class=\"more-link\">Continuer la lecture<span class=\"screen-reader-text\"> de &laquo;&nbsp;Nos parrains&nbsp;&raquo;<\/span><\/a><\/p>\n","protected":false},"author":1,"featured_media":0,"parent":0,"menu_order":0,"comment_status":"closed","ping_status":"closed","template":"","meta":{"footnotes":""},"class_list":["post-82","page","type-page","status-publish","hentry"],"_links":{"self":[{"href":"https:\/\/manatai.malo.wf\/index.php\/wp-json\/wp\/v2\/pages\/82","targetHints":{"allow":["GET"]}}],"collection":[{"href":"https:\/\/manatai.malo.wf\/index.php\/wp-json\/wp\/v2\/pages"}],"about":[{"href":"https:\/\/manatai.malo.wf\/index.php\/wp-json\/wp\/v2\/types\/page"}],"author":[{"embeddable":true,"href":"https:\/\/manatai.malo.wf\/index.php\/wp-json\/wp\/v2\/users\/1"}],"replies":[{"embeddable":true,"href":"https:\/\/manatai.malo.wf\/index.php\/wp-json\/wp\/v2\/comments?post=82"}],"version-history":[{"count":14,"href":"https:\/\/manatai.malo.wf\/index.php\/wp-json\/wp\/v2\/pages\/82\/revisions"}],"predecessor-version":[{"id":1070,"href":"https:\/\/manatai.malo.wf\/index.php\/wp-json\/wp\/v2\/pages\/82\/revisions\/1070"}],"wp:attachment":[{"href":"https:\/\/manatai.malo.wf\/index.php\/wp-json\/wp\/v2\/media?parent=82"}],"curies":[{"name":"wp","href":"https:\/\/api.w.org\/{rel}","templated":true}]}}

<blockquote class="wp-block-quote has-text-color has-medium-font-size is-layout-flow wp-block-quote-is-layout-flow" style="color:#f2b844;font-style:normal;font-weight:900">
<p><strong>Pour cette 5 eme édition de la Manatai , nous avons l&rsquo;honneur de pouvoir compter sur  nos parrains de renommée mondiale :</strong></p>
</blockquote>



<div class="wp-block-media-text alignwide has-media-on-the-right is-stacked-on-mobile has-white-background-color has-background" style="grid-template-columns:auto 42%"><div class="wp-block-media-text__content">
<p class="has-large-font-size">Tom Hébert </p>



<p>2 fois vice-champion du pro tour en kitesurf, figure du kite surf freestyle des années 2010 et du New Cal&rsquo; style.</p>
</div><figure class="wp-block-media-text__media"><img loading="lazy" decoding="async" width="1024" height="683" src="https://manatai.malo.wf/wp-content/uploads/2024/05/DSC03448_©Marine-Reveilhac_HD-1024x683.jpg" alt="" class="wp-image-818 size-full" srcset="https://manatai.malo.wf/wp-content/uploads/2024/05/DSC03448_©Marine-Reveilhac_HD-1024x683.jpg 1024w, https://manatai.malo.wf/wp-content/uploads/2024/05/DSC03448_©Marine-Reveilhac_HD-300x200.jpg 300w, https://manatai.malo.wf/wp-content/uploads/2024/05/DSC03448_©Marine-Reveilhac_HD-768x512.jpg 768w, https://manatai.malo.wf/wp-content/uploads/2024/05/DSC03448_©Marine-Reveilhac_HD-1536x1024.jpg 1536w, https://manatai.malo.wf/wp-content/uploads/2024/05/DSC03448_©Marine-Reveilhac_HD-2048x1365.jpg 2048w, https://manatai.malo.wf/wp-content/uploads/2024/05/DSC03448_©Marine-Reveilhac_HD-1200x800.jpg 1200w" sizes="auto, (max-width: 709px) 85vw, (max-width: 909px) 67vw, (max-width: 1362px) 62vw, 840px" /></figure></div>



<div class="wp-block-media-text alignwide is-stacked-on-mobile has-white-background-color has-background" style="grid-template-columns:32% auto"><figure class="wp-block-media-text__media"><img loading="lazy" decoding="async" width="1024" height="683" src="https://manatai.malo.wf/wp-content/uploads/2024/05/DSC01150_©Marine-Reveilhac_HD-1024x683.jpg" alt="" class="wp-image-809 size-full" srcset="https://manatai.malo.wf/wp-content/uploads/2024/05/DSC01150_©Marine-Reveilhac_HD-1024x683.jpg 1024w, https://manatai.malo.wf/wp-content/uploads/2024/05/DSC01150_©Marine-Reveilhac_HD-300x200.jpg 300w, https://manatai.malo.wf/wp-content/uploads/2024/05/DSC01150_©Marine-Reveilhac_HD-768x512.jpg 768w, https://manatai.malo.wf/wp-content/uploads/2024/05/DSC01150_©Marine-Reveilhac_HD-1536x1024.jpg 1536w, https://manatai.malo.wf/wp-content/uploads/2024/05/DSC01150_©Marine-Reveilhac_HD-2048x1365.jpg 2048w, https://manatai.malo.wf/wp-content/uploads/2024/05/DSC01150_©Marine-Reveilhac_HD-1200x800.jpg 1200w" sizes="auto, (max-width: 709px) 85vw, (max-width: 909px) 67vw, (max-width: 1362px) 62vw, 840px" /></figure><div class="wp-block-media-text__content">
<p class="has-large-font-size">Philippe Bru</p>



<p>Le fondateur du Défi Wind </p>
</div></div>



<p class="has-medium-font-size">L<strong>e defi Wind</strong>&nbsp;: la plus grande compétition au monde de windsurf wingfoil  et kitesurf qui se déroule à Gruissan tous les ans depuis une vingtaine d&rsquo;années en métropole. Manatai est  partenaire du défi wind depuis 2020. Philippe Bru (l&rsquo;organisateur) est un pilier fort de l&rsquo;organisation de la&nbsp;&nbsp;Manatai</p>



<p class="has-large-font-size"><strong>Sarah hebert</strong></p>



<p class="has-medium-font-size">Vice Championne du monde de Windsurf qui a traversé l&rsquo;atlantique en planche à voile. Une marraine d&rsquo;exception pour la Manatai </p>



<figure class="wp-block-image size-large"><img loading="lazy" decoding="async" width="1024" height="683" src="https://manatai.malo.wf/wp-content/uploads/2024/05/DSC02256_©Marine-Reveilhac_HD-1-1024x683.jpg" alt="" class="wp-image-814" srcset="https://manatai.malo.wf/wp-content/uploads/2024/05/DSC02256_©Marine-Reveilhac_HD-1-1024x683.jpg 1024w, https://manatai.malo.wf/wp-content/uploads/2024/05/DSC02256_©Marine-Reveilhac_HD-1-300x200.jpg 300w, https://manatai.malo.wf/wp-content/uploads/2024/05/DSC02256_©Marine-Reveilhac_HD-1-768x512.jpg 768w, https://manatai.malo.wf/wp-content/uploads/2024/05/DSC02256_©Marine-Reveilhac_HD-1-1536x1024.jpg 1536w, https://manatai.malo.wf/wp-content/uploads/2024/05/DSC02256_©Marine-Reveilhac_HD-1-2048x1365.jpg 2048w, https://manatai.malo.wf/wp-content/uploads/2024/05/DSC02256_©Marine-Reveilhac_HD-1-1200x800.jpg 1200w" sizes="auto, (max-width: 709px) 85vw, (max-width: 909px) 67vw, (max-width: 1362px) 62vw, 840px" /></figure>



<p></p>



<p class="has-medium-font-size"><strong>Phoebe Rocher&nbsp;</strong>championne&nbsp;&nbsp;du monde de kitesurf junior 2024 et championne de France 2023 junior et senior .Marraine de l&rsquo;association Wallis Kite Académie qui se rends à Wallis chaque année pour rider avec la jeunesse locale .</p>



<figure class="wp-block-image size-large"><img loading="lazy" decoding="async" width="1024" height="1024" src="https://manatai.malo.wf/wp-content/uploads/2025/02/Capture-decran-2025-02-07-a-17.05.45-1024x1024.png" alt="" class="wp-image-932" srcset="https://manatai.malo.wf/wp-content/uploads/2025/02/Capture-decran-2025-02-07-a-17.05.45-1024x1024.png 1024w, https://manatai.malo.wf/wp-content/uploads/2025/02/Capture-decran-2025-02-07-a-17.05.45-300x300.png 300w, https://manatai.malo.wf/wp-content/uploads/2025/02/Capture-decran-2025-02-07-a-17.05.45-150x150.png 150w, https://manatai.malo.wf/wp-content/uploads/2025/02/Capture-decran-2025-02-07-a-17.05.45-768x769.png 768w, https://manatai.malo.wf/wp-content/uploads/2025/02/Capture-decran-2025-02-07-a-17.05.45.png 1378w" sizes="auto, (max-width: 709px) 85vw, (max-width: 909px) 67vw, (max-width: 1362px) 62vw, 840px" /></figure>



<p></p>



<p class="has-medium-font-size"><strong>Titouan Puyo </strong>: Une légende dans le monde  du Stand up paddle  et vice champion du monde de rame en 2023, Titouan viendra découvrir Wallis et Futuna pour la première fois en 2025</p>



<figure class="wp-block-image size-large"><img loading="lazy" decoding="async" width="1024" height="657" src="https://manatai.malo.wf/wp-content/uploads/2025/07/titouan-puyo-1024x657.webp" alt="" class="wp-image-1016" srcset="https://manatai.malo.wf/wp-content/uploads/2025/07/titouan-puyo-1024x657.webp 1024w, https://manatai.malo.wf/wp-content/uploads/2025/07/titouan-puyo-300x193.webp 300w, https://manatai.malo.wf/wp-content/uploads/2025/07/titouan-puyo-768x493.webp 768w, https://manatai.malo.wf/wp-content/uploads/2025/07/titouan-puyo-1536x986.webp 1536w, https://manatai.malo.wf/wp-content/uploads/2025/07/titouan-puyo-2048x1314.webp 2048w, https://manatai.malo.wf/wp-content/uploads/2025/07/titouan-puyo-1200x770.webp 1200w" sizes="auto, (max-width: 709px) 85vw, (max-width: 909px) 67vw, (max-width: 1362px) 62vw, 840px" /></figure>



<p><br>Champion du monde ISA de longue distance 2014<br>Champion du monde ISA de technical race 2019<br>Champion du monde ISA des nations avec l&rsquo;équipe de France en 2019, 2022 et 2023<br>Vice-champion du monde ISA en 2016, 2017, 2022 et 2023<br>N.3 mondial ISA en 2017<br>Vice-champion du monde ISA des nations avec l&rsquo;équipe de France en 2016 et 2017<br>Médaille de bronze championnats du monde 2015 et 2022<br>3e de la Molokai2Oahu 2017<br>N. 5 mondial 2015<br>Champion d&rsquo;Europe 2016, 2017, 2022<br>Champion d&rsquo;Europe des nations 2016, 2017 et 2022<br>Champion de France 2013, 2015, 2016, 2017, 2018, 2019, 2020, 2021, 2022</p>

<p>Pour cette 5 eme édition de la Manatai , nous avons l&rsquo;honneur de pouvoir compter sur nos parrains de renommée mondiale : Tom Hébert 2 fois vice-champion du pro tour en kitesurf, figure du kite surf freestyle des années 2010 et du New Cal&rsquo; style. Philippe Bru Le fondateur du Défi Wind Le defi Wind&nbsp;: &hellip; <a href="https://manatai.malo.wf/index.php/nos-parrains/" class="more-link">Continuer la lecture<span class="screen-reader-text"> de &laquo;&nbsp;Nos parrains&nbsp;&raquo;</span></a></p>
